{"id":58,"date":"2019-08-30T12:53:53","date_gmt":"2019-08-30T16:53:53","guid":{"rendered":"http:\/\/blogs.law.columbia.edu\/revolution1313\/?page_id=58"},"modified":"2023-02-08T10:14:28","modified_gmt":"2023-02-08T15:14:28","slug":"paris-seminars","status":"publish","type":"page","link":"https:\/\/blogs.law.columbia.edu\/utopia1313\/paris-seminars\/","title":{"rendered":"EHESS Seminar in Paris"},"content":{"rendered":"<p><img loading=\"lazy\" decoding=\"async\" class=\"aligncenter\" src=\"https:\/\/blogs.law.columbia.edu\/abolition1313\/files\/2020\/08\/EHESS-300x225.jpg\" width=\"456\" height=\"342\" \/><\/p>\n<h1 style=\"text-align: center;\"><a href=\"https:\/\/enseignements.ehess.fr\/2022-2023\/ue\/852\"><strong>L\u2019ombre de Nietzsche: <\/strong><\/a><a href=\"https:\/\/enseignements.ehess.fr\/2022-2023\/ue\/852\">Foucault, Heidegger, Jaspers, Bataille, Deleuze, Kofman, Fanon<\/a><\/h1>\n<h2 style=\"text-align: center;\">\u00c9cole des hautes \u00e9tudes en sciences sociales<\/h2>\n<h1 style=\"text-align: center;\">Bernard E. Harcourt, EHESS<\/h1>\n<h2 style=\"text-align: center;\">novembre 2022 &#8211; juin 2023<\/h2>\n<h2 style=\"text-align: center;\">2, 8, et 15 novembre, 13 d\u00e9cembre, 7, 10, 14, et 17 mars, 16, 23, et 30 mai, 6 juin<\/h2>\n<blockquote><p>\u00ab\u00a0Luttes nouvelles. \u2013 Apr\u00e8s la mort de Bouddha l\u2019on montra encore pendant des si\u00e8cles son ombre dans une caverne, \u2014 une ombre \u00e9norme et \u00e9pouvantable. Dieu est mort : mais, \u00e0 la fa\u00e7on dont sont faits les hommes, il y aura peut-\u00eatre encore pendant des milliers d\u2019ann\u00e9es des cavernes o\u00f9 l\u2019on montrera son ombre.\u00a0\u00bb<\/p>\n<p>\u2014 Nietzsche, <em>Le Gai Savoir\u00a0<\/em>\u00a7 108.<\/p><\/blockquote>\n<p style=\"text-align: left;\">La pens\u00e9e de Nietzsche a toujours d\u00fb \u00eatre r\u00e9cup\u00e9r\u00e9e. R\u00e9cup\u00e9r\u00e9e d\u2019abord par Heidegger et ensuite de Heidegger, des fascistes par Bataille et Jaspers tr\u00e8s t\u00f4t, des colonialistes par Fanon, et de suite \u2013 jusqu\u2019aujourd\u2019hui, o\u00f9 elle doit \u00eatre r\u00e9cup\u00e9r\u00e9e de nos temps de tous ces penseurs de plus en plus vertueux, gardiens de la v\u00e9rit\u00e9.<\/p>\n<p style=\"text-align: left;\">En 1969 le philosophe Michel Foucault enseigne un cours sur Nietzsche dans le cadre du nouveau d\u00e9partement de philosophie au Centre universitaire exp\u00e9rimental de Vincennes cr\u00e9\u00e9 quelques mois auparavant. C\u2019est l\u00e0, et ensuite dans ses conf\u00e9rences \u00e0 l\u2019Universit\u00e9 McGill au Montr\u00e9al et \u00e0 SUNY Buffalo aux \u00c9tats-Unis, qu\u2019il d\u00e9veloppe sa th\u00e8se sur la g\u00e9n\u00e9alogie et l\u2019histoire\u2013 cheminement qui m\u00e8nera d\u2019abord \u00e0 son article \u00ab\u00a0Nietzsche, la g\u00e9n\u00e9alogie, l&#8217;histoire\u00a0\u00bb (Dits &amp; \u00c9crits, texte n\u00b084) et, quelques ann\u00e9es plus tard, \u00e0 sa g\u00e9n\u00e9alogie de la prison,\u00a0<em>Surveiller et punir<\/em>.<\/p>\n<p style=\"text-align: left;\">Dans <a href=\"https:\/\/enseignements.ehess.fr\/2022-2023\/ue\/852\">ce s\u00e9minaire<\/a>, nous commencerons avec le Nietzsche de Foucault \u2013mais nous ne nous arr\u00eaterons pas l\u00e0. Il y en a tellement d\u2019autres au XX<sup>e<\/sup>si\u00e8cle \u00e0 fouiller, \u00e0 creuser\u00a0: celui de Martin Heidegger, de Karl Jaspers, celui de Georges Bataille, de Gilles Deleuze, de Sarah Kofman, et de Frantz Fanon. C\u2019est ce que nous allons faire dans ce s\u00e9minaire\u00a0: retracer les ombres de Nietzsche au vingti\u00e8me si\u00e8cle pour en d\u00e9chiffrer une pour le n\u00f4tre.<\/p>\n<p style=\"text-align: center;\">***<\/p>\n<p>Le s\u00e9minaire est con\u00e7u pour \u00eatre en conversation avec le nouveau 13\/13 pour 2022-2023, <a href=\"https:\/\/blogs.law.columbia.edu\/utopia1313\/\">Utopia 13\/13<\/a>, au\u00a0<a href=\"https:\/\/cccct.law.columbia.edu\/content\/13-13\">Columbia Center for Contemporary Critical Thought<\/a>\u00a0(onglet \u00e0 haut \u00e0 droite : \u201cEHESS Seminar in Paris\u201d), ainsi qu\u2019avec la publication du livre <a href=\"https:\/\/cup.columbia.edu\/book\/cooperation\/9780231209540\"><em>Cooperation: A Political, Economic, and Social Theory<\/em><\/a> (2023)<em>.<\/em><\/p>\n<p>Cette ann\u00e9e, le s\u00e9minaire s\u2019\u00e9tendra le long de toute l\u2019ann\u00e9e scolaire d\u2019une mani\u00e8re continue, avec une seule validation en juin 2023 de 6 cr\u00e9dits (24 h).<\/p>\n<p><strong>Campus Condorcet-CC<\/strong><br \/>\n<em>Centre de colloques, Cours des humanit\u00e9s 93300 Aubervilliers<\/em><\/p>\n<p>Mercredi 2 novembre 2022 :\u00a0salle 3.08<br \/>\nMardi 8 novembre 2022 :\u00a0salle 3.08<br \/>\nMardi 15 novembre 2022 :\u00a0salle 3.08<br \/>\nMardi 13 d\u00e9cembre 2022 :\u00a0salle 50\u00a0(b\u00e2timent EHESS-Condorcet)<br \/>\nMardi 7 mars 2023 :\u00a0conf\u00e9rence enregistr\u00e9e <a href=\"https:\/\/blogs.law.columbia.edu\/utopia1313\/9-13\/\">ici<\/a>.<br \/>\nJeudi 9 mars 2023 :\u00a0s\u00e9minaire \u00e0 Berlin<a href=\"https:\/\/blogs.law.columbia.edu\/utopia1313\/10-13\/\"> ici<\/a>.<br \/>\nMardi 14 mars 2023 :\u00a0salle 50\u00a0(b\u00e2timent EHESS-Condorcet)<br \/>\nVendredi 17 mars 2023 : salle 50 (b\u00e2timent EHESS-Condorcet)\u00a0avec <a href=\"https:\/\/blogs.law.columbia.edu\/utopia1313\/12-13\/\">\u00c9tienne Balibar et La\u00ebtitia Riss<\/a>.<br \/>\nMardi 16 mai 2023 :\u00a0salle 3.10<br \/>\nMardi 23 mai 2023 :\u00a0salle 3.06<br \/>\nMardi 30 mai 2023 :\u00a0salle 3.06<br \/>\nMardi 6 juin 2023 :\u00a0salle 3.09<\/p>\n<h1>Le syllabus se trouve\u00a0<a href=\"https:\/\/blogs.law.columbia.edu\/utopia1313\/syllabus\/\">ici<\/a>.<\/h1>\n","protected":false},"excerpt":{"rendered":"<p>L\u2019ombre de Nietzsche: Foucault, Heidegger, Jaspers, Bataille, Deleuze, Kofman, Fanon \u00c9cole des hautes \u00e9tudes en sciences sociales Bernard E. Harcourt, EHESS novembre 2022 &#8211; juin 2023 2, 8, et 15 novembre, 13 d\u00e9cembre, 7, 10, 14, et 17 mars, 16,&hellip; <a href=\"https:\/\/blogs.law.columbia.edu\/utopia1313\/paris-seminars\/\" class=\"more-link\">Continue Reading <span class=\"meta-nav\">&rarr;<\/span><\/a><\/p>\n","protected":false},"author":1603,"featured_media":0,"parent":0,"menu_order":0,"comment_status":"closed","ping_status":"closed","template":"","meta":{"_monsterinsights_skip_tracking":false,"_monsterinsights_sitenote_active":false,"_monsterinsights_sitenote_note":"","_monsterinsights_sitenote_category":0,"footnotes":""},"class_list":["post-58","page","type-page","status-publish","hentry"],"post_mailing_queue_ids":[],"_links":{"self":[{"href":"https:\/\/blogs.law.columbia.edu\/utopia1313\/wp-json\/wp\/v2\/pages\/58","targetHints":{"allow":["GET"]}}],"collection":[{"href":"https:\/\/blogs.law.columbia.edu\/utopia1313\/wp-json\/wp\/v2\/pages"}],"about":[{"href":"https:\/\/blogs.law.columbia.edu\/utopia1313\/wp-json\/wp\/v2\/types\/page"}],"author":[{"embeddable":true,"href":"https:\/\/blogs.law.columbia.edu\/utopia1313\/wp-json\/wp\/v2\/users\/1603"}],"replies":[{"embeddable":true,"href":"https:\/\/blogs.law.columbia.edu\/utopia1313\/wp-json\/wp\/v2\/comments?post=58"}],"version-history":[{"count":0,"href":"https:\/\/blogs.law.columbia.edu\/utopia1313\/wp-json\/wp\/v2\/pages\/58\/revisions"}],"wp:attachment":[{"href":"https:\/\/blogs.law.columbia.edu\/utopia1313\/wp-json\/wp\/v2\/media?parent=58"}],"curies":[{"name":"wp","href":"https:\/\/api.w.org\/{rel}","templated":true}]}}