{"id":1167,"date":"2021-09-03T18:21:17","date_gmt":"2021-09-03T22:21:17","guid":{"rendered":"http:\/\/blogs.law.columbia.edu\/revolution1313\/?page_id=1167"},"modified":"2023-04-09T09:20:42","modified_gmt":"2023-04-09T13:20:42","slug":"9-13","status":"publish","type":"page","link":"https:\/\/blogs.law.columbia.edu\/utopia1313\/9-13\/","title":{"rendered":"9\/13 | Bernard E. Harcourt Lecture at the Coll\u00e8ge international de philosophie: \u00ab Nommer, Utopier \u00bb"},"content":{"rendered":"<h1 style=\"text-align: center;\">Conf\u00e9rence donn\u00e9e au Coll\u00e8ge international de philosophie \u00e0 Paris<\/h1>\n<p>&nbsp;<\/p>\n<p style=\"text-align: center;\"><iframe loading=\"lazy\" title=\"YouTube video player\" src=\"https:\/\/www.youtube.com\/embed\/xR09Y3QKj_o\" width=\"560\" height=\"315\" frameborder=\"0\" allowfullscreen=\"allowfullscreen\"><\/iframe><\/p>\n<h2 style=\"text-align: center;\">Conf\u00e9rence de Bernard E. Harcourt, donn\u00e9e au Coll\u00e8ge international de philosophie,<\/h2>\n<h2 style=\"text-align: center;\">dans le cadre du s\u00e9minaire de Julien Jeusette et Ezio Puglia sur \u00ab Le parc humain. Enclave et vuln\u00e9rabilit\u00e9 d&#8217;Alfred Kubin \u00e0 Westworld \u00bb<\/h2>\n<h2 style=\"text-align: center;\">le 13 janvier 2023<\/h2>\n<h2 style=\"text-align: center;\">Lire le texte sur SSRN <a href=\"https:\/\/papers.ssrn.com\/sol3\/papers.cfm?abstract_id=4323925\">ici<\/a>.<\/h2>\n<p>&nbsp;<\/p>\n<p style=\"font-weight: 400;\">Nommer, \u00ab\u00a0utopier\u00a0\u00bb.\u00a0\u00ab\u00a0Avec la fa\u00e7on dont sont faits les gens,\u00a0\u00bb \u00e9crivait Nietzsche en 1882 dans le <em>Gai Savoir<\/em>, \u00ab\u00a0ce n\u2019est que le nom des choses qui les leur rende visibles\u00a0\u00bb. Quel nom pourrait-on donner \u00e0 notre pr\u00e9sent\u00a0pour le rendre plus visible ? Le parc d\u2019attraction de Disneyland ? Les pavillons de Dan Graham\u00a0? La soci\u00e9t\u00e9 d\u2019exposition\u00a0?\u00a0 Ou le camp de Guant\u00e1namo\u00a0? Et comment \u00ab\u00a0nommer\u00a0\u00bb pour engendrer un avenir meilleur\u00a0? Dans cette conf\u00e9rence, Bernard E. Harcourt interroge la fa\u00e7on dont on nomme le pr\u00e9sent, pour \u00e9clairer la relation entre donner un nom et \u00ab\u00a0utopier\u00a0\u00bb notre avenir.<\/p>\n<p style=\"font-weight: 400;\">[Naming. Utopizing.\u00a0\u201cWith the way people usually are,\u201d Nietzsche wrote in 1882, \u201cit takes a name to make something visible at all.\u201d What name could we give to our present to make it more visible? The Disneyland amusement park? The crystal palace? The expository society?\u00a0 Or the detention camp at Guant\u00e1namo Bay? And how do we \u201cname\u201d to produce a better future? In this lecture, Bernard E. Harcourt questions the way we name the present, in order to illuminate the relationship between naming and \u201cutopizing\u201d our future.]<\/p>\n","protected":false},"excerpt":{"rendered":"<p>Conf\u00e9rence donn\u00e9e au Coll\u00e8ge international de philosophie \u00e0 Paris &nbsp; Conf\u00e9rence de Bernard E. Harcourt, donn\u00e9e au Coll\u00e8ge international de philosophie, dans le cadre du s\u00e9minaire de Julien Jeusette et Ezio Puglia sur \u00ab Le parc humain. Enclave et vuln\u00e9rabilit\u00e9&hellip; <a href=\"https:\/\/blogs.law.columbia.edu\/utopia1313\/9-13\/\" class=\"more-link\">Continue Reading <span class=\"meta-nav\">&rarr;<\/span><\/a><\/p>\n","protected":false},"author":1603,"featured_media":0,"parent":0,"menu_order":0,"comment_status":"closed","ping_status":"closed","template":"","meta":{"_monsterinsights_skip_tracking":false,"_monsterinsights_sitenote_active":false,"_monsterinsights_sitenote_note":"","_monsterinsights_sitenote_category":0,"footnotes":""},"class_list":["post-1167","page","type-page","status-publish","hentry"],"post_mailing_queue_ids":[],"_links":{"self":[{"href":"https:\/\/blogs.law.columbia.edu\/utopia1313\/wp-json\/wp\/v2\/pages\/1167","targetHints":{"allow":["GET"]}}],"collection":[{"href":"https:\/\/blogs.law.columbia.edu\/utopia1313\/wp-json\/wp\/v2\/pages"}],"about":[{"href":"https:\/\/blogs.law.columbia.edu\/utopia1313\/wp-json\/wp\/v2\/types\/page"}],"author":[{"embeddable":true,"href":"https:\/\/blogs.law.columbia.edu\/utopia1313\/wp-json\/wp\/v2\/users\/1603"}],"replies":[{"embeddable":true,"href":"https:\/\/blogs.law.columbia.edu\/utopia1313\/wp-json\/wp\/v2\/comments?post=1167"}],"version-history":[{"count":0,"href":"https:\/\/blogs.law.columbia.edu\/utopia1313\/wp-json\/wp\/v2\/pages\/1167\/revisions"}],"wp:attachment":[{"href":"https:\/\/blogs.law.columbia.edu\/utopia1313\/wp-json\/wp\/v2\/media?parent=1167"}],"curies":[{"name":"wp","href":"https:\/\/api.w.org\/{rel}","templated":true}]}}