{"id":58,"date":"2019-08-30T12:53:53","date_gmt":"2019-08-30T16:53:53","guid":{"rendered":"http:\/\/blogs.law.columbia.edu\/revolution1313\/?page_id=58"},"modified":"2022-10-30T15:31:17","modified_gmt":"2022-10-30T19:31:17","slug":"paris-seminars","status":"publish","type":"page","link":"https:\/\/blogs.law.columbia.edu\/revolution1313\/paris-seminars\/","title":{"rendered":"EHESS Seminar in Paris"},"content":{"rendered":"<p><img loading=\"lazy\" decoding=\"async\" class=\"aligncenter\" src=\"https:\/\/blogs.law.columbia.edu\/abolition1313\/files\/2020\/08\/EHESS-300x225.jpg\" width=\"391\" height=\"293\" \/><\/p>\n<h1 class=\"mb-0\" style=\"text-align: center;\"><a href=\"https:\/\/enseignements.ehess.fr\/2021-2022\/ue\/351\">Th\u00e9orie critique et praxis au XXI<sup>e<\/sup>\u00a0si\u00e8cle<\/a><\/h1>\n<h2 style=\"text-align: center;\">\u00c9cole des hautes \u00e9tudes en sciences sociales<\/h2>\n<h2 style=\"text-align: center;\">Bernard E. Harcourt, EHESS<\/h2>\n<h2 style=\"text-align: center;\">janvier-juin 2022<\/h2>\n<h2 style=\"text-align: center;\">12, 19 et 26 janvier, 2, 9, 16, et 23 f\u00e9vrier, 2, 9, 16, et 23 mars, 13 et 20 avril, 11, 18, et 25 mai, 1<sup>er<\/sup>, 8, 15 et 22 juin<\/h2>\n<p style=\"text-align: center;\">Comment repenser la th\u00e9orie\u00a0critique et la praxis critique au XXI<sup>e<\/sup>\u00a0si\u00e8cle ? Nietzsche,\u00a0Marx, Freud nous avaient propos\u00e9 des pistes f\u00e9condes au XIX<sup>e<\/sup>\u00a0si\u00e8cle. Adorno, Arendt, Beauvoir,\u00a0Butler, Deleuze, Foucault, Said, Sartre, et Spivak nous avaient guid\u00e9 au XX<sup>e\u00a0<\/sup>si\u00e8cle. Dans ce s\u00e9minaire, nous prendrons le b\u00e2ton de relais pour le XXI<sup>e<\/sup>\u00a0si\u00e8cle. Nous lirons, \u00e9tudierons, et confronterons nos amis,\u00a0penseurs critiques contemporains, au travers du prisme de nouvelles th\u00e9ories critiques (abolitionnisme,\u00a0<em>critical race theory<\/em>, guerre moderne,\u00a0<em>post-colonial theory<\/em>, th\u00e9orie du genre,\u00a0<em>queer theory<\/em>,\u00a0etc.).<\/p>\n<div class=\"mb-3\">\n<p style=\"text-align: center;\">Ce s\u00e9minaire est con\u00e7u pour \u00eatre en conversation avec le s\u00e9minaire publique\u00a0<a href=\"https:\/\/blogs.law.columbia.edu\/revolution1313\/\">Revolution 13\/13<\/a> dans\u00a0<a href=\"https:\/\/cccct.law.columbia.edu\/content\/13-13\">la s\u00e9rie de conf\u00e9rences \u00ab 13\/13 \u00bb<\/a> qui se d\u00e9roulera au\u00a0<a href=\"https:\/\/www.law.columbia.edu\/contemporary-critical-thought\">Columbia Center for Contemporary Critical Thought<\/a>\u00a0\u00e0 Columbia University \u00e0 New York et au Columbia Global Centers\u2013Paris pendant l\u2019ann\u00e9e scolaire 2021-2022, ainsi qu\u2019avec la publication du livre\u00a0<em><a href=\"https:\/\/cup.columbia.edu\/book\/critique-and-praxis\/9780231195720\">Critique &amp; Praxis<\/a>.<\/em><\/p>\n<p style=\"text-align: center;\">***<\/p>\n<\/div>\n<div class=\"mb-3\">\n<p>Le s\u00e9minaire pourra sera divis\u00e9 en deux semestres. Les deux semestres pourront \u00eatre pris s\u00e9par\u00e9ment ou en s\u00e9quence. Il y aura deux validations de 24 h chaque. Les deux cycles de 24 heures seront les suivants:<\/p>\n<h1>Premier cycle:<\/h1>\n<div class=\"m-0 \">\n<p><strong>Campus Condorcet-CC<\/strong><br \/>\n<em>Centre de colloques, Cours des humanit\u00e9s 93300 Aubervilliers<\/em><\/p>\n<p>mercredis 12, 19 et 26 janvier 2022, 16:30-18:30, salle 3.09<br \/>\nmercredis 2 f\u00e9vrier et 9 f\u00e9vrier 2022, 16:30-18:30, salle 3.09<br \/>\nmercredi 16 f\u00e9vrier 2022, journ\u00e9e d&#8217;\u00e9tude, 09:30-18:30, salle 3.09<br \/>\nmercredi 23 f\u00e9vrier 2022, 16:30-18:30, salle 3.09<br \/>\nmercredis 2, 9 et 16 mars 2022, 16:30-18:30, salle 3.06<\/p>\n<h1>Deuxi\u00e8me cycle:<\/h1>\n<p>mercredi 23 mars 2022, 18:30-20:30, salle 3.09<\/p>\n<p><strong>54 bd Raspail<\/strong><br \/>\n<em>54 bd Raspail 75006 Paris<\/em><\/p>\n<p>mercredis 13 et 20 avril 2022, 16:00-18:00, salle AS1_23<br \/>\nmercredi 11 mai 2022, 16:00-18:00, salle AS1_23<br \/>\nmercredi 18 mai 2022, journ\u00e9e d&#8217;\u00e9tude 09:00-18:00, salle AS1_23<br \/>\nmercredi 25 mai 2022, 16:00-18:00, salle AS1_23<br \/>\nmercredis 1<sup>er<\/sup>, 8, 15 et 22 juin 2022, 16:00-18:00, salle AS1_23<\/p>\n<\/div>\n<\/div>\n<div class=\"mb-3\">\n<h1 style=\"text-align: center;\">Le syllabus se trouve <a href=\"https:\/\/blogs.law.columbia.edu\/revolution1313\/syllabus-ehess-theorie-critique-et-praxis-au-xxie-siecle-janvier-juin-2022\/\">ici<\/a>.<\/h1>\n<\/div>\n","protected":false},"excerpt":{"rendered":"<p>Th\u00e9orie critique et praxis au XXIe\u00a0si\u00e8cle \u00c9cole des hautes \u00e9tudes en sciences sociales Bernard E. Harcourt, EHESS janvier-juin 2022 12, 19 et 26 janvier, 2, 9, 16, et 23 f\u00e9vrier, 2, 9, 16, et 23 mars, 13 et 20 avril,&hellip; <a href=\"https:\/\/blogs.law.columbia.edu\/revolution1313\/paris-seminars\/\" class=\"more-link\">Continue Reading <span class=\"meta-nav\">&rarr;<\/span><\/a><\/p>\n","protected":false},"author":1603,"featured_media":0,"parent":0,"menu_order":0,"comment_status":"closed","ping_status":"closed","template":"","meta":{"_monsterinsights_skip_tracking":false,"_monsterinsights_sitenote_active":false,"_monsterinsights_sitenote_note":"","_monsterinsights_sitenote_category":0,"footnotes":""},"class_list":["post-58","page","type-page","status-publish","hentry"],"_links":{"self":[{"href":"https:\/\/blogs.law.columbia.edu\/revolution1313\/wp-json\/wp\/v2\/pages\/58","targetHints":{"allow":["GET"]}}],"collection":[{"href":"https:\/\/blogs.law.columbia.edu\/revolution1313\/wp-json\/wp\/v2\/pages"}],"about":[{"href":"https:\/\/blogs.law.columbia.edu\/revolution1313\/wp-json\/wp\/v2\/types\/page"}],"author":[{"embeddable":true,"href":"https:\/\/blogs.law.columbia.edu\/revolution1313\/wp-json\/wp\/v2\/users\/1603"}],"replies":[{"embeddable":true,"href":"https:\/\/blogs.law.columbia.edu\/revolution1313\/wp-json\/wp\/v2\/comments?post=58"}],"version-history":[{"count":0,"href":"https:\/\/blogs.law.columbia.edu\/revolution1313\/wp-json\/wp\/v2\/pages\/58\/revisions"}],"wp:attachment":[{"href":"https:\/\/blogs.law.columbia.edu\/revolution1313\/wp-json\/wp\/v2\/media?parent=58"}],"curies":[{"name":"wp","href":"https:\/\/api.w.org\/{rel}","templated":true}]}}

<p><img loading="lazy" decoding="async" class="aligncenter" src="https://blogs.law.columbia.edu/abolition1313/files/2020/08/EHESS-300x225.jpg" width="391" height="293" /></p>
<h1 class="mb-0" style="text-align: center;"><a href="https://enseignements.ehess.fr/2021-2022/ue/351">Théorie critique et praxis au XXI<sup>e</sup> siècle</a></h1>
<h2 style="text-align: center;">École des hautes études en sciences sociales</h2>
<h2 style="text-align: center;">Bernard E. Harcourt, EHESS</h2>
<h2 style="text-align: center;">janvier-juin 2022</h2>
<h2 style="text-align: center;">12, 19 et 26 janvier, 2, 9, 16, et 23 février, 2, 9, 16, et 23 mars, 13 et 20 avril, 11, 18, et 25 mai, 1<sup>er</sup>, 8, 15 et 22 juin</h2>
<p style="text-align: center;">Comment repenser la théorie critique et la praxis critique au XXI<sup>e</sup> siècle ? Nietzsche, Marx, Freud nous avaient proposé des pistes fécondes au XIX<sup>e</sup> siècle. Adorno, Arendt, Beauvoir, Butler, Deleuze, Foucault, Said, Sartre, et Spivak nous avaient guidé au XX<sup>e </sup>siècle. Dans ce séminaire, nous prendrons le bâton de relais pour le XXI<sup>e</sup> siècle. Nous lirons, étudierons, et confronterons nos amis, penseurs critiques contemporains, au travers du prisme de nouvelles théories critiques (abolitionnisme, <em>critical race theory</em>, guerre moderne, <em>post-colonial theory</em>, théorie du genre, <em>queer theory</em>, etc.).</p>
<div class="mb-3">
<p style="text-align: center;">Ce séminaire est conçu pour être en conversation avec le séminaire publique <a href="https://blogs.law.columbia.edu/revolution1313/">Revolution 13/13</a> dans <a href="https://cccct.law.columbia.edu/content/13-13">la série de conférences « 13/13 »</a> qui se déroulera au <a href="https://www.law.columbia.edu/contemporary-critical-thought">Columbia Center for Contemporary Critical Thought</a> à Columbia University à New York et au Columbia Global Centers–Paris pendant l’année scolaire 2021-2022, ainsi qu’avec la publication du livre <em><a href="https://cup.columbia.edu/book/critique-and-praxis/9780231195720">Critique &amp; Praxis</a>.</em></p>
<p style="text-align: center;">***</p>
</div>
<div class="mb-3">
<p>Le séminaire pourra sera divisé en deux semestres. Les deux semestres pourront être pris séparément ou en séquence. Il y aura deux validations de 24 h chaque. Les deux cycles de 24 heures seront les suivants:</p>
<h1>Premier cycle:</h1>
<div class="m-0 ">
<p><strong>Campus Condorcet-CC</strong><br />
<em>Centre de colloques, Cours des humanités 93300 Aubervilliers</em></p>
<p>mercredis 12, 19 et 26 janvier 2022, 16:30-18:30, salle 3.09<br />
mercredis 2 février et 9 février 2022, 16:30-18:30, salle 3.09<br />
mercredi 16 février 2022, journée d&#8217;étude, 09:30-18:30, salle 3.09<br />
mercredi 23 février 2022, 16:30-18:30, salle 3.09<br />
mercredis 2, 9 et 16 mars 2022, 16:30-18:30, salle 3.06</p>
<h1>Deuxième cycle:</h1>
<p>mercredi 23 mars 2022, 18:30-20:30, salle 3.09</p>
<p><strong>54 bd Raspail</strong><br />
<em>54 bd Raspail 75006 Paris</em></p>
<p>mercredis 13 et 20 avril 2022, 16:00-18:00, salle AS1_23<br />
mercredi 11 mai 2022, 16:00-18:00, salle AS1_23<br />
mercredi 18 mai 2022, journée d&#8217;étude 09:00-18:00, salle AS1_23<br />
mercredi 25 mai 2022, 16:00-18:00, salle AS1_23<br />
mercredis 1<sup>er</sup>, 8, 15 et 22 juin 2022, 16:00-18:00, salle AS1_23</p>
</div>
</div>
<div class="mb-3">
<h1 style="text-align: center;">Le syllabus se trouve <a href="https://blogs.law.columbia.edu/revolution1313/syllabus-ehess-theorie-critique-et-praxis-au-xxie-siecle-janvier-juin-2022/">ici</a>.</h1>
</div>

<p>Théorie critique et praxis au XXIe siècle École des hautes études en sciences sociales Bernard E. Harcourt, EHESS janvier-juin 2022 12, 19 et 26 janvier, 2, 9, 16, et 23 février, 2, 9, 16, et 23 mars, 13 et 20 avril,&hellip; <a href="https://blogs.law.columbia.edu/revolution1313/paris-seminars/" class="more-link">Continue Reading <span class="meta-nav">&rarr;</span></a></p>
