{"id":42,"date":"2018-08-08T19:36:10","date_gmt":"2018-08-08T23:36:10","guid":{"rendered":"http:\/\/blogs.law.columbia.edu\/praxis1313\/?page_id=42"},"modified":"2022-05-24T09:58:45","modified_gmt":"2022-05-24T13:58:45","slug":"praxis-13-13-seminar-series-schedule","status":"publish","type":"page","link":"https:\/\/blogs.law.columbia.edu\/praxis1313\/praxis-13-13-seminar-series-schedule\/","title":{"rendered":"Praxis 13\/13 Seminar Series Schedule 2018-2019"},"content":{"rendered":"<p style=\"text-align: center;\"><a href=\"https:\/\/blogs.law.columbia.edu\/praxis1313\/praxis-13-13-seminar-series-schedule\/cavalllon\/#main\" rel=\"attachment wp-att-3364\"><img loading=\"lazy\" decoding=\"async\" class=\"alignnone wp-image-3364\" src=\"https:\/\/blogs.law.columbia.edu\/praxis1313\/files\/2018\/08\/Cavalllon-300x225.jpg\" alt=\"\" width=\"415\" height=\"311\" srcset=\"https:\/\/blogs.law.columbia.edu\/praxis1313\/files\/2018\/08\/Cavalllon-300x225.jpg 300w, https:\/\/blogs.law.columbia.edu\/praxis1313\/files\/2018\/08\/Cavalllon-768x576.jpg 768w, https:\/\/blogs.law.columbia.edu\/praxis1313\/files\/2018\/08\/Cavalllon-1024x768.jpg 1024w\" sizes=\"auto, (max-width: 415px) 100vw, 415px\" \/><\/a><\/p>\n<h3 style=\"text-align: center;\">~~~<\/h3>\n<h1 style=\"text-align: center;\">Wednesday, September 12, 2018<\/h1>\n<h2 style=\"text-align: center;\">Steven Lukes,\u00a0<a href=\"https:\/\/as.nyu.edu\/content\/nyu-as\/as\/faculty\/steven-lukes.html\">New York University<\/a><\/h2>\n<h2 style=\"text-align: center;\">Karuna Mantena,\u00a0<a href=\"https:\/\/politicalscience.yale.edu\/people\/karuna-mantena\">Yale University<\/a><\/h2>\n<h2 style=\"text-align: center;\">Ann Stoler, <a href=\"https:\/\/www.newschool.edu\/lang\/faculty\/Ann-Stoler\/\">The New School<\/a><\/h2>\n<h2 style=\"text-align: center;\">and Bernard E. Harcourt,\u00a0<a href=\"https:\/\/cgt.columbia.edu\/about\/people\/committee-faculty\/bernard-e-harcourt\/\">Columbia University<\/a><\/h2>\n<h2 style=\"text-align: center;\">Read and discuss<\/h2>\n<h2 style=\"text-align: center;\"><a href=\"https:\/\/archives.newyorker.com\/?i=1967-02-25#folio=048\">&#8220;Truth and Politics&#8221;<\/a> by Hannah Arendt<\/h2>\n<h2 style=\"text-align: center;\"><a href=\"https:\/\/blogs.law.columbia.edu\/praxis1313\/bernstein-praxis-action\/\">Praxis and Action: Contemporary Philosophies of Human Activity<\/a>\u00a0(pp. ix-xv, 11-83) by Richard Bernstein<\/h2>\n<h2 style=\"text-align: center;\"><a href=\"http:\/\/harcourt.praxis.law.columbia.edu\/\">A Pure Theory of Illusions, Values, and Tactics and An Answer to the Question: \u201cWhat Is To Be Done?\u201d<\/a> by Bernard Harcourt<\/h2>\n<h3 style=\"text-align: center;\">as well as a short selection from<\/h3>\n<h3 style=\"text-align: center;\"><a href=\"https:\/\/blogs.law.columbia.edu\/praxis1313\/lobkowicz-theory-and-practice\/\">Theory and Practice: History of a Concept from Aristotle to Marx<\/a>\u00a0(pp. 3-15, 109-139) by Nicholas Lobkowicz<\/h3>\n<h2 style=\"text-align: center;\">6:15 \u2013 8:45 pm<\/h2>\n<h3 style=\"text-align: center;\">at <a href=\"https:\/\/maisonfrancaise.org\/contact-and-directions\">Maison Fran\u00e7aise<\/a>,\u00a0Buell Hall,\u00a0Columbia University<\/h3>\n<h3 style=\"text-align: center;\">September 12, 2018, 6:15-8:45<\/h3>\n<h3 style=\"text-align: center;\">~~~<\/h3>\n<h1 style=\"text-align: center;\">Wednesday, October 3, 2018<\/h1>\n<h2 style=\"text-align: center;\">Judith Revel,\u00a0<a href=\"https:\/\/dep-philo.parisnanterre.fr\/les-enseignants\/revel-judith-548268.kjsp\">Universit\u00e9 Paris Ouest Nanterre La D\u00e9fense<\/a><\/h2>\n<h2 style=\"text-align: center;\">Jackie Wang, <a href=\"https:\/\/warrencenter.fas.harvard.edu\/event\/wang\">Harvard University<\/a><\/h2>\n<h2 style=\"text-align: center;\">McKenzie Wark, <a href=\"https:\/\/www.newschool.edu\/lang\/faculty\/Ken-Wark\/\">The New School<\/a><\/h2>\n<h2 style=\"text-align: center;\">and Bernard E. Harcourt,\u00a0\u00a0<a href=\"https:\/\/cgt.columbia.edu\/about\/people\/committee-faculty\/bernard-e-harcourt\/\">Columbia University<\/a><\/h2>\n<h2 style=\"text-align: center;\">read and discuss<\/h2>\n<h2 style=\"text-align: center;\"><a href=\"https:\/\/mitpress.mit.edu\/books\/now\"><em>Now<\/em><\/a>\u00a0by The Invisible Committee<\/h2>\n<h2 style=\"text-align: center;\">6:15 \u2013 8:45 pm<\/h2>\n<h3 style=\"text-align: center;\">\u00a0in <a href=\"https:\/\/blogs.law.columbia.edu\/praxis1313\/location-of-jerome-greene-annex\/\">Jerome Green Annex<\/a>,\u00a0Columbia University<\/h3>\n<h3 style=\"text-align: center;\">October 3, 2018, 6:15-8:45<\/h3>\n<h3 style=\"text-align: center;\">~~~<\/h3>\n<h1 style=\"text-align: center;\">Wednesday, October 24, 2018<\/h1>\n<h2 style=\"text-align: center;\">Amna Akbar,\u00a0\u00a0<a href=\"https:\/\/moritzlaw.osu.edu\/faculty\/amna-akbar\/\">Ohio State University Moritz College of Law<\/a><\/h2>\n<h2 style=\"text-align: center;\">Brandon Terry,\u00a0<a href=\"https:\/\/aaas.fas.harvard.edu\/people\/brandon-terry\">Harvard University<\/a><\/h2>\n<h2 style=\"text-align: center;\">Adam Tooze,\u00a0\u00a0<a href=\"https:\/\/history.columbia.edu\/faculty\/tooze-adam\/\">Columbia University<\/a><\/h2>\n<h3 style=\"text-align: center;\">in conversation with<\/h3>\n<h3 style=\"text-align: center;\"><a href=\"https:\/\/cccct.law.columbia.edu\/people\/etienne-r-balibar\">Etienne Balibar<\/a>, <a href=\"https:\/\/cccct.law.columbia.edu\/people\/jean-louise-cohen\">Jean Louise Cohen<\/a>, <a href=\"https:\/\/cccct.law.columbia.edu\/people\/reinhold-martin\">Reinhold Martin<\/a>, and <a href=\"https:\/\/cgt.columbia.edu\/about\/people\/committee-faculty\/bernard-e-harcourt\/\">Bernard E. Harcourt<\/a><\/h3>\n<h3 style=\"text-align: center;\">reading and discussing<\/h3>\n<h2 style=\"text-align: center;\"><a href=\"https:\/\/www.amazon.com\/Bernie-Sanders-Guide-Political-Revolution\/dp\/1250138906\">Bernie Sanders&#8217; Guide to Political Revolution<\/a>\u00a0by Bernie Sanders<\/h2>\n<h2 style=\"text-align: center;\">as well as<\/h2>\n<h2 style=\"text-align: center;\"><em><a href=\"https:\/\/www.indivisible.org\/guide\/summary\/\">Indivisible<\/a>: A Practical Guide for Resisting the Trump Agenda<\/em>\u00a0by Indivisible<\/h2>\n<h3 style=\"text-align: center;\">\u00a0in <a href=\"https:\/\/blogs.law.columbia.edu\/praxis1313\/location-of-jerome-greene-annex\/\">Jerome Green Annex<\/a>,\u00a0Columbia University<\/h3>\n<h3 style=\"text-align: center;\">October 24, 2018, 2018, 6:15-8:45<\/h3>\n<h3 style=\"text-align: center;\">~~~<\/h3>\n<h1 style=\"text-align: center;\">Wednesday, November 14, 2018<\/h1>\n<h2 style=\"text-align: center;\">Karl Ekeman,\u00a0\u00a0<a href=\"https:\/\/www.engagingvulnerability.se\/karl-ekeman\/\">Uppsala University, Sweden<\/a><\/h2>\n<h2 style=\"text-align: center;\">Zeynep Gambetti,\u00a0<a href=\"https:\/\/boun.academia.edu\/ZeynepGambetti\">Bogazici University<\/a><\/h2>\n<h2 style=\"text-align: center;\">Renata Salecl, Birkbeck,\u00a0<a href=\"https:\/\/www.bbk.ac.uk\/law\/our-staff\/salecl\">University of London<\/a><\/h2>\n<h2 style=\"text-align: center;\">Jason Stanley,\u00a0<a href=\"https:\/\/philosophy.yale.edu\/people\/jason-stanley\">Yale University<\/a><\/h2>\n<h2 style=\"text-align: center;\">moderated by Bernard E. Harcourt,\u00a0<a href=\"https:\/\/cgt.columbia.edu\/about\/people\/committee-faculty\/bernard-e-harcourt\/\">Columbia University<\/a><\/h2>\n<h2 style=\"text-align: center;\">read and discuss<\/h2>\n<h2 style=\"text-align: center;\"><em>Why We Fight: Manifesto of the European\u00a0<\/em><i>Resistance <\/i>by\u00a0Guillaume Faye<\/h2>\n<h2 style=\"text-align: center;\"><em>A Fair Hearing: The Alt-Right in the Words of Its Members and Leader<\/em>\u00a0edited by George T. Shaw<\/h2>\n<h3 style=\"text-align: center;\">\u00a0in the <a href=\"https:\/\/heymancenter.org\/visit\/the-heyman-center\/\">Common Room<\/a>,\u00a0 Heyman Center,\u00a0Columbia University<\/h3>\n<h3 style=\"text-align: center;\">November 14, 2018, 6:15 \u2013 8:45 pm<\/h3>\n<h4 style=\"text-align: center;\">with selections from<\/h4>\n<h4 style=\"text-align: center;\"><em>The Real Right Returns: A Handbook for the True Opposition<\/em>\u00a0by Daniel Friberg<\/h4>\n<h3 style=\"text-align: center;\">~~~<\/h3>\n<h1 style=\"text-align: center;\">Wednesday, December 5, 2018<\/h1>\n<h2 style=\"text-align: center;\">Etienne Balibar, Department of French and Comparative Literature,\u00a0<a href=\"https:\/\/french.columbia.edu\/content\/etienne-r-balibar\">Columbia University<\/a><\/h2>\n<h2 style=\"text-align: center;\">Camille Robcis, <a href=\"https:\/\/french.columbia.edu\/content\/camille-robcis\">Columbia University<\/a><\/h2>\n<h2 style=\"text-align: center;\">Mikha\u00efl Xifaras,\u00a0<a href=\"https:\/\/www.sciencespo.fr\/ecole-de-droit\/en\/profile\/xifaras-mikhail\">Sciences Po, Paris<\/a><\/h2>\n<h3 style=\"text-align: center;\">in conversation with Bernard E. Harcourt (<a href=\"https:\/\/cgt.columbia.edu\/about\/people\/committee-faculty\/bernard-e-harcourt\/\">Columbia University)<\/a>\u00a0Daniele Lorenzini (<a href=\"https:\/\/cccct.law.columbia.edu\/people\/daniele-lorenzini\">CCCCT<\/a>), Camila Vergara (<a href=\"https:\/\/polisci.columbia.edu\/content\/camila-vergara\">Columbia Political Science<\/a>), and Katharina Pistor (<a href=\"https:\/\/beta.global.columbia.edu\/people\/katharina-pistor\">Columbia University<\/a>)<\/h3>\n<h3 style=\"text-align: center;\">reading and discussing<\/h3>\n<h2 style=\"text-align: center;\"><em>Commonwealth<\/em>\u00a0by Michael Hardt and Antonio Negri<\/h2>\n<h4 style=\"text-align: center;\">with special emphasis on\u00a0<em>Preface<\/em>\u00a0and Chapter 1.1: <a href=\"https:\/\/blogs.law.columbia.edu\/praxis1313\/commonwealth\/\">\u201cThe Republic of Property\u201d<\/a> ,\u00a06.2 &#8220;<a href=\"https:\/\/blogs.law.columbia.edu\/praxis1313\/hardt-and-negri-commonwealth-6-2\/\">Insurrectional Intersections<\/a>&#8221; and 6.3 &#8220;<a href=\"https:\/\/blogs.law.columbia.edu\/praxis1313\/hardt-and-negri-commonwealth-6-3\/\">Governing the Revolution<\/a>&#8220;<\/h4>\n<h4 style=\"text-align: center;\"><\/h4>\n<h4 style=\"text-align: center;\">and Michael Hardt &amp; Antonio Negri, Assembly (Oxford, 2017), Chapter 6 <a href=\"https:\/\/blogs.law.columbia.edu\/praxis1313\/hardt-negri-chapter-6-and-notes\/\">&#8220;How to Open Property to the Common&#8221;<\/a><\/h4>\n<h3 style=\"text-align: center;\">at <a href=\"https:\/\/maisonfrancaise.org\/contact-and-directions\">Maison Fran\u00e7aise,<\/a>\u00a0Buell Hall,\u00a0Columbia University<\/h3>\n<h3 style=\"text-align: center;\">December 5, 2018, 6:15 \u2013 8:45 pm<\/h3>\n<h3 style=\"text-align: center;\">~~~<\/h3>\n<h1 style=\"text-align: center;\">Wednesday, December 19, 2018<\/h1>\n<h2 style=\"text-align: center;\">Martin Saar,\u00a0<a href=\"https:\/\/www.uni-frankfurt.de\/44534817\/Saar_Martin\">Goethe-Universit\u00e4t Frankfurt am Main<\/a><\/h2>\n<h2 style=\"text-align: center;\">\u00a0and Bernard E. Harcourt,\u00a0<a href=\"https:\/\/cgt.columbia.edu\/about\/people\/committee-faculty\/bernard-e-harcourt\/\">Columbia University<\/a>,<\/h2>\n<h2 style=\"text-align: center;\">rethink Critique and Praxis in Frankfurt,<\/h2>\n<h3 style=\"text-align: center;\">at the Goethe-Universit\u00e4t Frankfurt am Main<\/h3>\n<h3 style=\"text-align: center;\">reading and discussing<\/h3>\n<h3 style=\"text-align: center;\"><a href=\"https:\/\/www.amazon.com\/Down-Earth-Politics-Climatic-Regime\/dp\/1509530576\"><em>Down to Earth: Politics in the New Climatic Regime<\/em><\/a>\u00a0by Bruno Latour<\/h3>\n<h3 style=\"text-align: center;\"><a href=\"https:\/\/www.beacon.org\/One-Dimensional-Man-P1328.aspx\"><em>One Dimensional Man: Studies in the Ideology of Advanced Industrial Society<\/em><\/a>\u00a0(selections) by Herbert Marcuse<\/h3>\n<h3 style=\"text-align: center;\"><a href=\"https:\/\/platypus1917.org\/wp-content\/uploads\/readings\/adorno_marginaliatheorypraxis.pdf\">\u201cMarginalia to Theory and Praxis\u201d<\/a>\u00a0by Theodor W. Adorno<\/h3>\n<h3 style=\"text-align: center;\">~~~<\/h3>\n<h1 style=\"text-align: center;\">Wednesday, January 16, 2019<\/h1>\n<h2 style=\"text-align: center;\">Journ\u00e9e d\u2019\u00e9tude \u00e0 l\u2019EHESS<\/h2>\n<h2 style=\"text-align: center;\">en liaison avec le s\u00e9minaire de Bernard E. Harcourt<br \/>\n<a href=\"https:\/\/enseignements-2018.ehess.fr\/2018\/ue\/2761\/\/\" target=\"_blank\" rel=\"noopener noreferrer\" data-saferedirecturl=\"https:\/\/www.google.com\/url?hl=en&amp;q=https:\/\/enseignements-2018.ehess.fr\/2018\/ue\/2761\/\/&amp;source=gmail&amp;ust=1534280142280000&amp;usg=AFQjCNHwQdOSu6otMhCxOeDQwZKUsF2rbA\"><em>Th\u00e9ories critiques et contre-critiques : la pens\u00e9e et la pratique critique au XXIe si\u00e8cle<\/em><\/a><\/h2>\n<h3 style=\"text-align: center;\">\u00e0 l\u2019EHESS<\/h3>\n<h3 style=\"text-align: center;\"><a href=\"https:\/\/maps.google.com\/?q=105+boulevard+Raspail,+Paris+75006&amp;entry=gmail&amp;source=g\">105 boulevard Raspail<\/a><\/h3>\n<h3 style=\"text-align: center;\"><a href=\"https:\/\/maps.google.com\/?q=105+boulevard+Raspail,+Paris+75006&amp;entry=gmail&amp;source=g\">Paris 75006<\/a><\/h3>\n<h3 style=\"text-align: center;\">~~~<\/h3>\n<h1 style=\"text-align: center;\">Wednesday, January 23, 2019<\/h1>\n<h2 style=\"text-align: center;\">Aristides Baltas, philosopher and former <a href=\"https:\/\/en.wikipedia.org\/wiki\/Aristides_Baltas\">Minister of Culture of Greece<\/a><\/h2>\n<h2 style=\"text-align: center;\">Eduardo Cadava, Department of English, <a href=\"https:\/\/english.princeton.edu\/people\/eduardo-cadava\">Princeton University<\/a><\/h2>\n<h2 style=\"text-align: center;\">Rosalind Morris, anthropologist, <a href=\"https:\/\/cgt.columbia.edu\/about\/people\/committee-faculty\/rosalind-c-morris\/\">Columbia University<\/a><\/h2>\n<h2 style=\"text-align: center;\">moderated by Bernard E. Harcourt, CCCCT, <a href=\"https:\/\/cgt.columbia.edu\/about\/people\/committee-faculty\/bernard-e-harcourt\/\">Columbia University<\/a><\/h2>\n<h2 style=\"text-align: center;\">read and discuss<\/h2>\n<h2 style=\"text-align: center;\"><a href=\"https:\/\/www.versobooks.com\/books\/513-the-idea-of-communism\"><em>The Idea of Communism<\/em><\/a>\u00a0edited by\u00a0Slavoj \u017di\u017eek et al. (selections), Verso Books 2010-2016<\/h2>\n<h3 style=\"text-align: center;\">at\u00a0<a href=\"https:\/\/maisonfrancaise.org\/contact-and-directions\">Maison Fran\u00e7aise<\/a>,\u00a0Buell Hall,\u00a0Columbia University<\/h3>\n<h3 style=\"text-align: center;\">January 23, 2019,\u00a06:15 \u2013 8:45 pm<\/h3>\n<h3 style=\"text-align: center;\">~~~<\/h3>\n<h1 style=\"text-align: center;\">Wednesday, February 13, 2019<\/h1>\n<h2 style=\"text-align: center;\">Seyla Benhabib, <a href=\"https:\/\/www.law.columbia.edu\/faculty\/seyla-benhabib\">Columbia University<\/a><\/h2>\n<h2 style=\"text-align: center;\">Ay\u015fen Canda\u015f,\u00a0<a href=\"https:\/\/pols.boun.edu.tr\/?q=faculty\/assocprof-aysen-candas\">Bogazici University<\/a><\/h2>\n<h2 style=\"text-align: center;\">Jean L. Cohen,\u00a0<a href=\"https:\/\/blogs.law.columbia.edu\/uprising1313\/jean-cohen\/\">Columbia University<\/a><\/h2>\n<h2 style=\"text-align: center;\">Didier Fassin,\u00a0<a href=\"https:\/\/www.sss.ias.edu\/faculty\/fassin\">Institute for Advanced Study<\/a><\/h2>\n<h2 style=\"text-align: center;\">Jan-Werner M\u00fcller,\u00a0<a href=\"https:\/\/www.princeton.edu\/politics\/people\/display_person.xml?netid=jmueller\">Princeton University<\/a><\/h2>\n<h2 style=\"text-align: center;\">moderated by Bernard E. Harcourt,\u00a0<a href=\"https:\/\/cgt.columbia.edu\/about\/people\/committee-faculty\/bernard-e-harcourt\/\">Columbia University<\/a><\/h2>\n<h2 style=\"text-align: center;\">read and discuss<\/h2>\n<h2 style=\"text-align: center;\"><a href=\"https:\/\/www.versobooks.com\/books\/2748-for-a-left-populism\"><i>For a Left Populism<\/i><\/a>\u00a0by Chantal Mouffe<\/h2>\n<h3 style=\"text-align: center;\"><a href=\"https:\/\/blogs.law.columbia.edu\/praxis1313\/location-of-jerome-greene-annex\/\">Jerome Greene Annex<\/a><\/h3>\n<h3 style=\"text-align: center;\">Columbia University<\/h3>\n<h3 style=\"text-align: center;\">February 13, 2019, 6:15 \u2013 8:45 pm<\/h3>\n<h4 style=\"text-align: center;\">as well as selections from<\/h4>\n<h4 style=\"text-align: center;\"><a href=\"https:\/\/www.versobooks.com\/books\/273-on-populist-reason\"><i>On Populist Reason<\/i><\/a>\u00a0by Ernesto Laclau<\/h4>\n<h3 style=\"text-align: center;\">~~~<\/h3>\n<h1 style=\"text-align: center;\">Wednesday, March 6, 2019<\/h1>\n<h2 style=\"text-align: center;\">Marquis Bey, <a href=\"https:\/\/english.cornell.edu\/marquis-bey\">Cornell University<\/a><\/h2>\n<h2 style=\"text-align: center;\">Jack Halberstam,\u00a0<a href=\"https:\/\/english.columbia.edu\/people\/profile\/560\">Columbia University<\/a><\/h2>\n<h2 style=\"text-align: center;\">Heather Love,\u00a0<a href=\"https:\/\/www.english.upenn.edu\/people\/heather-k-love\">University of Pennsylvania<\/a><\/h2>\n<h2 style=\"text-align: center;\">Allegra McLeod, <a href=\"https:\/\/www.law.georgetown.edu\/faculty\/allegra-mcleod\/\">Georgetown Law<\/a><\/h2>\n<h2 style=\"text-align: center;\">moderated by Bernard E. Harcourt,\u00a0<a href=\"https:\/\/cgt.columbia.edu\/about\/people\/committee-faculty\/bernard-e-harcourt\/\">Columbia University<\/a><\/h2>\n<h2 style=\"text-align: center;\">read and discuss<\/h2>\n<h2 style=\"text-align: center;\"><a href=\"https:\/\/www.akpress.org\/the-undercommons.html\"><em>The Undercommons\u00a0<\/em><\/a>by Fred Moten and Stefano Harney<\/h2>\n<h3 style=\"text-align: center;\">\u00a0in the <a href=\"https:\/\/heymancenter.org\/visit\/the-heyman-center\/\">Common Room<\/a>\u00a0Heyman Center,\u00a0Columbia University<\/h3>\n<h3 style=\"text-align: center;\">March 6, 2019, 6:15 \u2013 8:45 pm<\/h3>\n<h3 style=\"text-align: center;\">~~~<\/h3>\n<h1 style=\"text-align: center;\">Wednesday, March 27, 2019<\/h1>\n<h2 style=\"text-align: center;\">Robin Celikates,\u00a0<a href=\"https:\/\/www.ias.edu\/scholars\/robin-celikates\">Institute for Advanced Study<\/a><\/h2>\n<h2 style=\"text-align: center;\">Joshua Clover, <a href=\"https:\/\/english.ucdavis.edu\/people\/jclover\">University of California Davis<\/a><\/h2>\n<h2 style=\"text-align: center;\">Marianne Hirsch,\u00a0<a href=\"https:\/\/blogs.cuit.columbia.edu\/mh2349\/\">Columbia University<\/a><\/h2>\n<h2 style=\"text-align: center;\">Nandini Sundar, <a href=\"https:\/\/blogs.law.columbia.edu\/praxis1313\/nandini-sundar\/\">University of Dehli<\/a><\/h2>\n<h2 style=\"text-align: center;\">moderated by Bernard E. Harcourt,\u00a0<a href=\"https:\/\/cgt.columbia.edu\/about\/people\/committee-faculty\/bernard-e-harcourt\/\">Columbia University<\/a><\/h2>\n<h2 style=\"text-align: center;\">read and discuss<\/h2>\n<h2 style=\"text-align: center;\"><a href=\"https:\/\/www.hup.harvard.edu\/catalog.php?isbn=9780674967755\"><em>Notes Toward a Performative Theory of Assembly<\/em><\/a>\u00a0by Judith Butler<\/h2>\n<h3 style=\"text-align: center;\">in the <a href=\"https:\/\/heymancenter.org\/visit\/the-heyman-center\/\">Common Room<\/a>,\u00a0Heyman Center,\u00a0Columbia University<\/h3>\n<h3 style=\"text-align: center;\">March 27, 2019, 6:15 \u2013 8:45 pm<\/h3>\n<h3 style=\"text-align: center;\">~~~<\/h3>\n<h1 style=\"text-align: center;\">Wednesday, April 17, 2019<\/h1>\n<h2 style=\"text-align: center;\">Karuna Mantena,\u00a0<a href=\"https:\/\/politicalscience.yale.edu\/people\/karuna-mantena\">Yale University<\/a><\/h2>\n<h2 style=\"text-align: center;\">Susan Buck-Morss, <a href=\"https:\/\/politicalscience.commons.gc.cuny.edu\/faculty\/susan-buck-morss\/\">CUNY Graduate Center<\/a><\/h2>\n<h2 style=\"text-align: center;\">moderated by Bernard E. Harcourt,\u00a0<a href=\"https:\/\/cgt.columbia.edu\/about\/people\/committee-faculty\/bernard-e-harcourt\/\">Columbia University<\/a><\/h2>\n<h2 style=\"text-align: center;\">read and discuss<\/h2>\n<h2 style=\"text-align: center;\"><a href=\"https:\/\/ebookcentral.proquest.com\/lib\/columbia\/detail.action?docID=1785214#goto_toc\"><em>Starve and Immolate<\/em><\/a>\u00a0by Banu Bargu<\/h2>\n<h2 style=\"text-align: center;\"><a href=\"https:\/\/assets.press.princeton.edu\/chapters\/i13293.pdf\"><em>Leaks, Hacks, and Scandal: Arab Culture in the Digital Age<\/em><\/a>, Tarek El-Ariss<\/h2>\n<h3 style=\"text-align: center;\">in the <a href=\"https:\/\/heymancenter.org\/visit\/the-heyman-center\/\">Common Room<\/a>,\u00a0Heyman Center,\u00a0Columbia University<\/h3>\n<h3 style=\"text-align: center;\">April 17, 2019, 6:15 \u2013 8:45 pm<\/h3>\n<h3 style=\"text-align: center;\">~~~<\/h3>\n<h1 style=\"text-align: center;\">Wednesday, May 8, 2019<\/h1>\n<h2 style=\"text-align: center;\">Amy Allen, philosopher,\u00a0<a href=\"https:\/\/philosophy.la.psu.edu\/directory\/ara17\">Penn State University<\/a><\/h2>\n<h2 style=\"text-align: center;\">Heather Ann Thompson, Pulitzer Prize winning historian, <a href=\"https:\/\/lsa.umich.edu\/daas\/people\/core-faculty\/oadunbi\/hthompsn.html\">University of Michigan<\/a><\/h2>\n<h2 style=\"text-align: center;\">Carolin Emcke, writer and journalist,\u00a0<a href=\"https:\/\/carolin-emcke.de\/en\/\">Berlin<\/a><\/h2>\n<h2 style=\"text-align: center;\">and Bernard E. Harcourt,\u00a0<a href=\"https:\/\/cgt.columbia.edu\/about\/people\/committee-faculty\/bernard-e-harcourt\/\">Columbia University<\/a><\/h2>\n<h2 style=\"text-align: center;\">discuss<\/h2>\n<h2 style=\"text-align: center;\">The Space of <em>P<\/em><em>raxis<\/em><\/h2>\n<h3 style=\"text-align: center;\">in the\u00a0<a href=\"https:\/\/heymancenter.org\/visit\/the-heyman-center\/\">Common Room<\/a>,\u00a0Heyman Center,\u00a0Columbia University<\/h3>\n<h3 style=\"text-align: center;\">May 8, 2018 6:15 \u2013 8:45 pm<\/h3>\n<h4 style=\"text-align: center;\">with possible reference to<\/h4>\n<h4 style=\"text-align: center;\"><i><a href=\"https:\/\/www.skylightbooks.com\/book\/9781570271519\">TAZ: Temporary Autonomous Zone, Ontological Anarchy, Poetic Terrorism<\/a>,\u00a0<\/i>by\u00a0Hakim Bey<\/h4>\n<h4 style=\"text-align: center;\"><a href=\"https:\/\/www.versobooks.com\/books\/2084-riot-strike-riot\"><i>Riot. Strike. Riot.: The New Era of Uprisings,<\/i><\/a> by Joshua Clover<\/h4>\n<h3 style=\"text-align: center;\">~~~<\/h3>\n<p><a href=\"https:\/\/blogs.law.columbia.edu\/praxis1313\/2-13\/24188838800_9b8614233b_k\/#main\" rel=\"attachment wp-att-3632\"><img loading=\"lazy\" decoding=\"async\" class=\"aligncenter wp-image-3632\" src=\"https:\/\/blogs.law.columbia.edu\/praxis1313\/files\/2018\/08\/24188838800_9b8614233b_k.jpg\" alt=\"\" width=\"493\" height=\"328\" srcset=\"https:\/\/blogs.law.columbia.edu\/praxis1313\/files\/2018\/08\/24188838800_9b8614233b_k.jpg 2048w, https:\/\/blogs.law.columbia.edu\/praxis1313\/files\/2018\/08\/24188838800_9b8614233b_k-300x199.jpg 300w, https:\/\/blogs.law.columbia.edu\/praxis1313\/files\/2018\/08\/24188838800_9b8614233b_k-768x510.jpg 768w, https:\/\/blogs.law.columbia.edu\/praxis1313\/files\/2018\/08\/24188838800_9b8614233b_k-1024x681.jpg 1024w\" sizes=\"auto, (max-width: 493px) 100vw, 493px\" \/><\/a><\/p>\n","protected":false},"excerpt":{"rendered":"<p>~~~ Wednesday, September 12, 2018 Steven Lukes,\u00a0New York University Karuna Mantena,\u00a0Yale University Ann Stoler, The New School and Bernard E. Harcourt,\u00a0Columbia University Read and discuss &#8220;Truth and Politics&#8221; by Hannah Arendt Praxis and Action: Contemporary Philosophies of Human Activity\u00a0(pp. ix-xv,&hellip; <a href=\"https:\/\/blogs.law.columbia.edu\/praxis1313\/praxis-13-13-seminar-series-schedule\/\" class=\"more-link\">Continue Reading <span class=\"meta-nav\">&rarr;<\/span><\/a><\/p>\n","protected":false},"author":1603,"featured_media":0,"parent":0,"menu_order":0,"comment_status":"closed","ping_status":"closed","template":"","meta":{"_monsterinsights_skip_tracking":false,"_monsterinsights_sitenote_active":false,"_monsterinsights_sitenote_note":"","_monsterinsights_sitenote_category":0,"footnotes":""},"class_list":["post-42","page","type-page","status-publish","hentry"],"_links":{"self":[{"href":"https:\/\/blogs.law.columbia.edu\/praxis1313\/wp-json\/wp\/v2\/pages\/42","targetHints":{"allow":["GET"]}}],"collection":[{"href":"https:\/\/blogs.law.columbia.edu\/praxis1313\/wp-json\/wp\/v2\/pages"}],"about":[{"href":"https:\/\/blogs.law.columbia.edu\/praxis1313\/wp-json\/wp\/v2\/types\/page"}],"author":[{"embeddable":true,"href":"https:\/\/blogs.law.columbia.edu\/praxis1313\/wp-json\/wp\/v2\/users\/1603"}],"replies":[{"embeddable":true,"href":"https:\/\/blogs.law.columbia.edu\/praxis1313\/wp-json\/wp\/v2\/comments?post=42"}],"version-history":[{"count":0,"href":"https:\/\/blogs.law.columbia.edu\/praxis1313\/wp-json\/wp\/v2\/pages\/42\/revisions"}],"wp:attachment":[{"href":"https:\/\/blogs.law.columbia.edu\/praxis1313\/wp-json\/wp\/v2\/media?parent=42"}],"curies":[{"name":"wp","href":"https:\/\/api.w.org\/{rel}","templated":true}]}}