{"id":3334,"date":"2018-08-11T00:31:34","date_gmt":"2018-08-11T04:31:34","guid":{"rendered":"http:\/\/blogs.law.columbia.edu\/praxis1313\/?page_id=3334"},"modified":"2021-08-01T17:11:23","modified_gmt":"2021-08-01T21:11:23","slug":"paris-seminars","status":"publish","type":"page","link":"https:\/\/blogs.law.columbia.edu\/praxis1313\/paris-seminars\/","title":{"rendered":"Paris Seminars"},"content":{"rendered":"<h2 style=\"text-align: center;\"><a href=\"https:\/\/blogs.law.columbia.edu\/praxis1313\/paris-seminars\/red-grooms-the-saint-germain\/#main\" rel=\"attachment wp-att-3368\"><img loading=\"lazy\" decoding=\"async\" class=\"alignnone wp-image-3368\" src=\"https:\/\/blogs.law.columbia.edu\/praxis1313\/files\/2018\/08\/Red-Grooms-The-Saint-Germain--300x225.jpg\" alt=\"\" width=\"395\" height=\"296\" srcset=\"https:\/\/blogs.law.columbia.edu\/praxis1313\/files\/2018\/08\/Red-Grooms-The-Saint-Germain--300x225.jpg 300w, https:\/\/blogs.law.columbia.edu\/praxis1313\/files\/2018\/08\/Red-Grooms-The-Saint-Germain--768x576.jpg 768w, https:\/\/blogs.law.columbia.edu\/praxis1313\/files\/2018\/08\/Red-Grooms-The-Saint-Germain--1024x768.jpg 1024w\" sizes=\"auto, (max-width: 395px) 100vw, 395px\" \/><\/a><\/h2>\n<h2 style=\"text-align: center;\">La premi\u00e8re s\u00e9ance de Praxis 13\/13 aura lieu ce mercredi 7 novembre 2018 de 17h \u00e0 18h30 \u00e0 Reid Hall (4 rue de Chevreuse 75006).<\/h2>\n<h2 style=\"text-align: center;\">Nous nous concentrerons sur le texte\u00a0<i>Maintenant\u00a0<\/i>du Comit\u00e9 invisible.<\/h2>\n<h2 style=\"text-align: center;\">Voici \u00e9galement le lien \u00e0 la s\u00e9ance qui a eu lieu \u00e0 NY o\u00f9 vous trouverez des textes courts des intervenants ainsi que la <a href=\"https:\/\/blogs.law.columbia.edu\/praxis1313\/2-13\/\">vid\u00e9o<\/a>.<\/h2>\n<h2 style=\"text-align: center;\">~~~<\/h2>\n<h2 style=\"text-align: center;\">Deuxi\u00e8me rencontre du s\u00e9minaire Praxis Paris 13\/13<\/h2>\n<h2 style=\"text-align: center;\">Pr\u00e9sentation de Praxis Paris 13\/13<\/h2>\n<h2 style=\"text-align: center;\">avec Professeurs <a href=\"https:\/\/www.socialdifference.columbia.edu\/faculty-\/elsa-dorlin\">Elsa Dorfin<\/a> et <a href=\"https:\/\/cgt.columbia.edu\/about\/people\/committee-faculty\/bernard-e-harcourt\/\">Bernard E. Harcourt<\/a>, et Maxime Gaborit<\/h2>\n<h2 style=\"text-align: center;\">Reid Hall | Columbia Global Centers, 4 rue de Chevreuse, 75006 Paris (m\u00e9tro 4 Vavin ou RER B Port-Royal)<\/h2>\n<h2 style=\"text-align: center;\">~~~<\/h2>\n<blockquote>\n<h2 style=\"text-align: center;\">June 6, 2019 at 4:30pm<\/h2>\n<h2 style=\"text-align: center;\">EHESS, 105 bd Raspail, Salle 13, Paris<\/h2>\n<h2 style=\"text-align: center;\">Launch of <a href=\"https:\/\/cccct.law.columbia.edu\/content\/peers\">PEERS project<\/a> with Sacha Raoult, University of Marseille-Aix.<\/h2>\n<h2 style=\"text-align: center;\">~~~<\/h2>\n<h2 style=\"text-align: center;\">June 12, 2019, from 10 to 18 h<\/h2>\n<h2 style=\"text-align: center;\">EHESS,\u00a0105 bd Raspail, Salle 13, Paris<\/h2>\n<h2 style=\"text-align: center;\">Journ\u00e9e d&#8217;\u00e9tude sur Praxis\/Critique de CCCCT &amp; EHESS<\/h2>\n<p>&nbsp;<\/p>\n<h2 style=\"text-align: center;\"><\/h2>\n<\/blockquote>\n","protected":false},"excerpt":{"rendered":"<p>La premi\u00e8re s\u00e9ance de Praxis 13\/13 aura lieu ce mercredi 7 novembre 2018 de 17h \u00e0 18h30 \u00e0 Reid Hall (4 rue de Chevreuse 75006). Nous nous concentrerons sur le texte\u00a0Maintenant\u00a0du Comit\u00e9 invisible. Voici \u00e9galement le lien \u00e0 la s\u00e9ance&hellip; <a href=\"https:\/\/blogs.law.columbia.edu\/praxis1313\/paris-seminars\/\" class=\"more-link\">Continue Reading <span class=\"meta-nav\">&rarr;<\/span><\/a><\/p>\n","protected":false},"author":1603,"featured_media":0,"parent":0,"menu_order":0,"comment_status":"closed","ping_status":"closed","template":"","meta":{"_monsterinsights_skip_tracking":false,"_monsterinsights_sitenote_active":false,"_monsterinsights_sitenote_note":"","_monsterinsights_sitenote_category":0,"footnotes":""},"class_list":["post-3334","page","type-page","status-publish","hentry"],"_links":{"self":[{"href":"https:\/\/blogs.law.columbia.edu\/praxis1313\/wp-json\/wp\/v2\/pages\/3334","targetHints":{"allow":["GET"]}}],"collection":[{"href":"https:\/\/blogs.law.columbia.edu\/praxis1313\/wp-json\/wp\/v2\/pages"}],"about":[{"href":"https:\/\/blogs.law.columbia.edu\/praxis1313\/wp-json\/wp\/v2\/types\/page"}],"author":[{"embeddable":true,"href":"https:\/\/blogs.law.columbia.edu\/praxis1313\/wp-json\/wp\/v2\/users\/1603"}],"replies":[{"embeddable":true,"href":"https:\/\/blogs.law.columbia.edu\/praxis1313\/wp-json\/wp\/v2\/comments?post=3334"}],"version-history":[{"count":0,"href":"https:\/\/blogs.law.columbia.edu\/praxis1313\/wp-json\/wp\/v2\/pages\/3334\/revisions"}],"wp:attachment":[{"href":"https:\/\/blogs.law.columbia.edu\/praxis1313\/wp-json\/wp\/v2\/media?parent=3334"}],"curies":[{"name":"wp","href":"https:\/\/api.w.org\/{rel}","templated":true}]}}